 = 4*o**2 + 31*o - 92. Let q be j(19). Suppose -f + 5*d + 647 = 0, -3*f + 4*d = 8*d - q. Is f a composite number?
False
Suppose -5*f - 766 = 3*d, d + 1326 = -4*d + 4*f. Let t = d + -1983. Let b = 3936 + t. Is b composite?
True
Suppose -h + 99134 - 19185 = 2*p, h = -3*p + 119920. Is p composite?
False
Let c = 10236 - 2592. Suppose -4*i - 2563 = -m, 7*m - 4*m - c = 3*i. Is m a prime number?
True
Let m = 965 - 237. Let r = 5301 + m. Is r a prime number?
True
Let u = 9458 - 14481. Let z = -1860 - u. Is z prime?
True
Suppose -7*p = -2018554 - 536229. Is p a composite number?
True
Let z = 2668 + -1514. Let n = 3462 - z. Suppose -5*q + n = -2967. Is q a prime number?
False
Let d = -463 - -468. Suppose -d*i - 20542 = -2*u - 0*u, -4*i - 30799 = -3*u. Is u prime?
False
Let b = 140563 - -83248. Is b a prime number?
False
Suppose 5*k - 129 = -4*d, 1 = -3*d + 4. Let m(u) = 93*u - 14 - 9 - 300*u + k. Is m(-1) a composite number?
True
Let l(o) = -2200*o + 16 + 6 - 68 + 21. Let f be l(7). Is 21/(-126) - (f/6)/5 prime?
False
Let t = 174265 - -269952. Is t composite?
True
Suppose -46*g + 48*g - 4 = 0. Let o(s) = 14*s + 81*s**2 + 0 + 3*s**3 - 2*s**3 - 61*s**g - 3. Is o(-14) prime?
True
Let o be 1/((-1)/3)*8/(-6). Suppose 0 = f + 4, o*y - 9*f + 4*f = 32. Let c(d) = 44*d**2 + 2*d - 11. Is c(y) a composite number?
True
Let b = -7 + -34. Suppose 3*t = -n + 298, 3*t - 294 = -n + 2*t. Let z = n + b. Is z a composite number?
False
Let a be (156/(-48))/((-2)/25592). Suppose 0 = -15*l + 2*l + a. Is l a prime number?
False
Suppose 2*b - 2*g - 1494 = 0, 4*g = 11*b - 8*b - 2237. Let z = 3762 - b. Is z a composite number?
False
Suppose -2*y + 3*y + 30 = -4*r, 3*y = -5*r - 41. Let p = 7 + r. Suppose 0 = 4*c - p*c - 332. Is c a prime number?
True
Let u(y) = -13 - 14 + 12*y - 9*y. Let l be u(10). Suppose -4*b = -t - 5*b + 2998, l*t - 4*b - 8973 = 0. Is t a composite number?
True
Let x = -20 + 32. Suppose 0 = -72*g + 76*g + x. Is (-132)/(-2) - (0 + g) composite?
True
Let u(b) = 20*b**2 - 12*b - 25. Let j(f) = -f**3 + 4*f**2 + 25*f - 41. Let w be j(7). Is u(w) composite?
False
Suppose -3*t - 3*x + 2859 = -2*x, 4*t = x + 3819. Let l = t + -503. Is l a composite number?
True
Suppose s = -5*p + 15155, 0*p + 10 = 2*p. Suppose 4559 + s = 3*z. Is z composite?
False
Let c(k) = -k**2 + 9*k - 24. Suppose -n = -3, 4*n - 39 = -3*w - 9. Let h be c(w). Let o(q) = 9*q**2 + q + 13. Is o(h) composite?
False
Let s(h) = -h**2 + 12*h - 35. Let r be s(14). Let y = 56 + r. Is y/((-21)/12) - -2353 a composite number?
False
Suppose -4665703 = 35*v - 17051048. Is v prime?
True
Let t(v) = -167*v**3 - 2*v**2 - 171*v + 23. Is t(-7) a prime number?
True
Suppose -563855 = -4*t - 3*d, -237*t + 239*t + 2*d = 281924. Is t a composite number?
True
Suppose 3*i = -4*q + 165775, 266 - 264 = 2*i. Is q a composite number?
False
Let d(p) = -2938*p - 357. Is d(-2) prime?
True
Suppose 11 + 24 = 2*z + t, 2 = 2*t. Suppose -62461 + 2094 = -z*o. Is o composite?
True
Let u(b) = -549*b - 52. Let o(g) = -1100*g - 104. Let z(q) = 3*o(q) - 7*u(q). Is z(15) a prime number?
False
Let y = 254955 - 107138. Is y composite?
True
Let t = 1249 - -141318. Is t composite?
False
Suppose 88 = 3*t - s, -2*t + 4*s + 52 = -0*t. Is 6678/t + 6/15 composite?
False
Let a = -76 - -66. Let t be (-30987)/(-7) - a/35. Let v = t + -1524. Is v a prime number?
True
Suppose 45*p - 19312735 = -20*p. Is p a composite number?
True
Let v(p) = -8*p**3 + 630*p**2 + 110*p + 383. Is v(77) prime?
False
Suppose -r + 4157 = 810*g - 814*g, -4*r = g - 16764. Is r prime?
False
Suppose 3*v - 788895 = -3*p, -9*v - p = -6*v - 788903. Suppose -60*b + v = -322331. Is b a prime number?
False
Let j(q) = -131*q + 573. Is j(0) a composite number?
True
Let r = 67 + -79. Let a be (-3)/(r/(-62))*(-4 - -6). Let d = a - -66. Is d a composite number?
True
Let z be 417/24 - ((-12)/32)/(-1). Suppose z*h - 408 - 1955 = 0. Is h a prime number?
True
Let l(g) = -28*g**2 - g - 13. Let p be l(-4). Let b = 776 - 42. Let h = p + b. Is h prime?
True
Let t = 118 - 442. Let f = 17245 + t. Is f prime?
True
Let k = -593938 + 1201379. Is k prime?
False
Let s = -12932 - -9053. Let t = s + 6698. Is t a composite number?
False
Suppose -6*a - 12 = 12. Let b be a + 6 + 2*(-6)/(-4). Suppose -r = 5*g - 321, 1269 = 5*r - b*g - 336. Is r composite?
True
Let z(v) = v**3 - 7*v**2 + 8*v - 14. Let y be z(6). Let u be (-3)/y + 21/6. Suppose -4*x + 1436 = 3*r + r, 3*x = u*r + 1069. Is x a prime number?
False
Is (-113561 - -285)*(-1)/4 composite?
False
Let s(j) = -88*j - 33. Suppose -n - 17 = -2*n. Suppose -h - 18 = 2*a, 0 = 7*a - 4*a - h + n. Is s(a) composite?
True
Let h be -4 + 0 - -6 - -1. Let m be 5/(-3) - -2 - h/9. Suppose 3*o + m*o = 4947. Is o composite?
True
Let u be (3 + 1 + -7)*1789. Let z = u - -9920. Is z prime?
False
Let p(z) = z**2 - 19*z - 17. Let q be p(-13). Let f = 170 - q. Let s = f + 608. Is s a composite number?
False
Suppose 0 = 150*z - 130*z - 107020. Is z a composite number?
False
Suppose z - 3931 = -3*s + 92925, -z + 96868 = -s. Is z a composite number?
True
Suppose -3 + 9 = t. Let z = t - 4. Is (2 + -505)*(z - (5 - 2)) a prime number?
True
Suppose 3*x - 2*n = 53265, -4*x - 44153 + 115173 = 2*n. Suppose s + 5*l = 3261, -4*s = 5*l + 4681 - x. Is s a composite number?
False
Is (2/7 + (-900)/(-35))*692479/526 a composite number?
True
Suppose 0 = -55*m + 64*m - 18. Suppose -4*f + 6025 = 5*n, -m*n - 1196 = -3*n + f. Is n a prime number?
True
Suppose 17*o = 3655817 + 23055960. Is o prime?
False
Let n be 42320/(-276)*6/(-4). Let c(x) = 2*x**3 + 8*x**2 + 9*x + 9. Let r be c(-6). Let z = n - r. Is z prime?
True
Let m = 18522 - 7681. Is m prime?
False
Suppose -5*o - 5 = 0, 4*y - 102*o = -106*o + 34552. Is y a composite number?
True
Let b = -95 - -85. Let j(n) = n**2 + 12*n - 10. Let p be j(b). Is (-9)/p*205/(-6)*-28 a composite number?
True
Let v = -9098 + 13353. Suppose -2*i + 8 = 0, 0 = -3*a + 4*a - i. Suppose -v = -d - 2*o, d - 1695 = -a*o + 2550. Is d a composite number?
True
Let w = 23871 + -13577. Is w a composite number?
True
Suppose -5*j + 211 = -34. Let z = -21 + j. Let l = z + 25. Is l a composite number?
False
Suppose 34*x + 24 = 31*x. Is (-114159)/(-4 - (x/2)/4) a composite number?
False
Let s be 0 - (-9)/((-36)/(-536)). Let a = s + -28. Suppose 49 = 5*v - a. Is v a composite number?
False
Let q = -78 - -48. Let v be 52/3*(-45)/q. Let c = v - 0. Is c a prime number?
False
Is (1 - 6599)*((-57)/(-76))/(21/(-322)) composite?
True
Suppose 5*x = 5*k + 675557 - 93922, 0 = 5*x - 3*k - 581639. Is x a composite number?
False
Suppose 0 = 28*r - 34*r + 39156. Suppose 5*i = -d + r, 0 = -4*d + 2*d - 8. Suppose 4*u - 1314 = -2*l, -l + 3*l + 2*u - i = 0. Is l prime?
False
Let y(m) be the second derivative of m**5/20 - 7*m**3/2 + m**2/2 + 97*m. Is y(9) prime?
True
Let t(h) = -3*h + 35. Let b be t(8). Is ((-13539)/(-12))/((22/8)/b) composite?
False
Suppose 1769409 = 3*b - 2*x, 0 = -120*b + 121*b - 3*x - 589789. Is b composite?
False
Let n(m) = -44*m + 3. Suppose -5*j - 5 = -2*z + 26, 0 = 3*z - 4*j - 29. Let o be z/9 + 7/(-3). Is n(o) prime?
False
Let g be (1 - -2644)*(7 + (-9 - -5)). Let y = g + -4444. Is y composite?
False
Suppose 3*t - 8 - 7 = 0. Suppose 33 = x + t*p, -p + 0*p + 5 = 0. Is ((-6196)/x + 3)/((-2)/4) a prime number?
True
Let n = -127 - -131. Suppose n*w = 5*u + 104, 0 = -7*w + 6*w - 2*u + 13. Is (-25811)/(-21) + (-2)/w composite?
False
Suppose 4*r = 5*m - 3*m + 16, 3*r = -5*m + 25. Suppose 0 = 4*g + r*l - 7499, -4*l - 904 - 955 = -g. Is g a prime number?
True
Let t(a) = a**2 + 13*a - 14. Let j be t(-14). Let u(k) = k**3 - k + 6. Let s be u(j). Is (-3 + -2070)*(-2)/s composite?
False
Let t be ((-15)/(-10))/3*15682. Let r = -4568 + t. Is r composite?
True
Let m(q) = q**2 + 8*q - 27. Let a be m(6). Let g = a + -66. Let d(z) = -460*z - 7. Is d(g) prime?
True
Suppose 20 = -5*y, 4*k - 2*y = 2*y + 24. Let h(c) = 3252*c + 17. Is h(k) prime?
True
Suppose 6*s = 19 + 191. Let d = s - 32. Suppose 5*h - d*y - 240 = 212, 4*h + 3*y = 367. Is h prime?
False
Is (-1)/(-5)*-21898*645/(-258) a composite number?
False
Let p be 5840/(-24)*126/(-35). Let s be (-1*1)/((-5)/2785). Let w = p - s. Is w a prime number?
False
Suppose -35*x + 33408 = 2643. Is x composite?
True
Let k(s) = 100*s**3 - 8*s**2 + 16*s -